 -2*s = -2*a + 80, 0*a + s = i*a - 128. What is the units digit of a?
4
Let a be ((-42)/(-8))/((-21)/112). Let k be (9/(-6))/(2/a). What is the tens digit of (-7)/(k/10)*-3?
1
Let c be 100/6*30/25. Suppose 409 = 4*d - 0*a + 5*a, -c = -4*a. What is the units digit of d?
6
Let w(m) = 52*m - 12. Let f be w(5). Suppose -4*y = 3*p - 227, y + f + 61 = 4*p. What is the units digit of p?
7
Let z = 1199 + -688. What is the tens digit of z?
1
Suppose -4*u + 1875 = -3*b - 2*u, 2*u = 6. Let s = -417 - b. What is the hundreds digit of s?
2
Suppose 0*r + 50 = 2*r. Let k be (28/4)/(-7) - 2/(-2). What is the units digit of -2*(k - (r - 2))?
6
Suppose 3*b - 8*b + 1635 = 0. Let s = -184 + b. What is the units digit of s?
3
Let b = -394 - -4275. What is the tens digit of b?
8
Let a(t) = 82*t - 97. What is the units digit of a(6)?
5
Let x(j) = j**3 + 5*j**2 - 6*j - 5. Let p be x(-6). What is the units digit of p/(-10) - 4/((-8)/33)?
7
Suppose -5*o = -o + 2*x - 1448, 3*o - 2*x = 1072. What is the tens digit of o?
6
Suppose 19*l = 40*l - 27300. What is the thousands digit of l?
1
Suppose 3*a + 2*a - 3*v = 543, -v = 4*a - 448. Let y = a - 67. What is the tens digit of y?
4
Let m(l) = -4*l - 15. Let a be m(-8). Suppose 0 = 2*r + 3*i - a, r - 4*r - 2*i + 13 = 0. What is the units digit of (r/(-2))/(2/(-20))?
5
Suppose 8060 = 3*s - 2*y, -5*s = -7*y + 10*y - 13408. What is the thousands digit of s?
2
Let v(f) = f**3 + f**2 + f + 1. Let k be v(-1). Suppose k = -4*l - l + 10. Suppose -2*t + 155 = 5*n, -3*n + 0*n - l*t = -97. What is the tens digit of n?
2
Suppose 2*q = 59 + 805. Suppose 2*j - 234 = -0*j + 2*m, 4*j + 5*m - q = 0. Suppose -5*d = l - 0*l - j, 4*d - l = 85. What is the units digit of d?
2
Let o(n) = -100*n + 1215. What is the hundreds digit of o(-45)?
7
Suppose 63 + 54 = 3*m. Suppose 196 - m = j. Suppose -492 + j = -5*y. What is the tens digit of y?
6
Suppose 4*d - 1384 - 4768 = 0. What is the units digit of d?
8
Suppose 3403 = 2*q - 673. What is the tens digit of q?
3
Let i(c) = -c**3 - 6*c**2 - 10*c + 21. What is the tens digit of i(-6)?
8
What is the units digit of 5791/4 + ((-18)/24)/(-3)?
8
Suppose j - 4*s = 62, 3*j - 4*s = j + 104. Suppose 162 - j = 5*c. Let n = 26 + c. What is the tens digit of n?
5
Let u(m) = -m + 8. Let g be u(0). Let p be 6/8 - (-34)/g. Suppose f - 29 = -p. What is the units digit of f?
4
Let k(f) = 2*f**3 - 2*f**2 + 2*f - 46. What is the thousands digit of k(11)?
2
Let o(d) = 41*d + 187. What is the units digit of o(13)?
0
Let z(v) = -16*v + 4 - v**2 + 4 + 0*v**2 - 5. Let n be z(-16). Suppose -l + 39 = n*o + 13, 2*o - l = 14. What is the units digit of o?
8
Suppose -21*g = -4*g - 7667. What is the tens digit of g?
5
Let g(t) = -t**3 - 20*t**2 + 73*t - 32. What is the hundreds digit of g(-25)?
2
Let a = 5 + -3. Suppose 5*j = 2*b - 0*b + 25, 0 = -4*j - 2*b + a. Suppose -j*t - t + 34 = 3*y, 60 = 5*y + 5*t. What is the tens digit of y?
1
Let u(q) = -q**2 - 5*q + 67. What is the units digit of u(-10)?
7
Let n = 283 - -198. What is the units digit of n?
1
Let m = -14 + 22. Let s be (m/6)/((-2)/(-30)). What is the tens digit of 4/3*330/s?
2
Suppose 3*o - 372 = 6*u - 2*u, -5*o = -2*u - 200. What is the tens digit of (u/(-15))/(6/16)?
1
Let i be (-18)/15*(-440)/6. What is the units digit of (i/(-33))/(2/(-90))?
0
What is the units digit of (-10 - -5)/30 + 8077/6?
6
Let m(d) = 3*d**2 - 4*d - 2. Let i = 16 + -14. Let v be m(i). What is the units digit of 39/2 + 3/v?
1
Let j(h) = -h**3 - 42*h**2 + 6*h - 61. What is the units digit of j(-43)?
0
Let i(l) = -l**3 + 30*l**2 - 61*l - 56. What is the hundreds digit of i(25)?
5
What is the units digit of 652 + -48 - 16/(-2)?
2
Suppose -81 + 21 = -4*c. Suppose 4*t + d = 5*d - 20, 0 = t + 3*d - c. What is the units digit of (-2)/(-4 - -3) + t?
2
Let f = 10 - 11. Let m = f - -15. What is the units digit of m?
4
Let m(o) = o**3 + 16*o**2 + 16*o + 20. Let p be m(-15). Suppose -p*a = -5*b - 510, -2*a - 2*a = 5*b - 426. What is the hundreds digit of a?
1
Let l = 1189 + -811. What is the units digit of l?
8
Let h(z) = 13*z**2 - 36*z + 10. What is the tens digit of h(9)?
3
Let o(i) = 58*i**2 + 4*i - 3. What is the units digit of o(1)?
9
Suppose -3*x + 2 = -13. Let a = x - 4. What is the tens digit of (-8 + 6)/(a/(-17))?
3
Suppose 0 = -2*u - 10, -4*o + 3*o + 5*u = -351. What is the hundreds digit of o?
3
Suppose -5*v - 2*j = -30, 3*v + 2*j - j = 18. What is the units digit of (-728)/(-12) - (-2)/v?
1
Let q be 4*1*2/(32/36). Suppose 0 = -q*i + 13*i - 152. What is the units digit of i?
8
Let q(f) = 2232*f**2 + 18*f - 15. What is the tens digit of q(1)?
3
Let u = 21 + -52. Let w = u - -63. What is the units digit of w?
2
What is the thousands digit of (-11869)/(-13)*(-4)/(-2)?
1
Let w(z) = -z**2 + 9*z + 11. Let k be (-15)/(12/8 + -3). Let s be w(k). What is the tens digit of 4 - 4 - (-9 - s)?
1
Suppose -12*w = -4100 + 1040. What is the tens digit of w?
5
Let u(a) be the first derivative of a**4/4 + 2*a**2 - a - 5. Let j be u(3). Let z = 57 - j. What is the tens digit of z?
1
Suppose 9*q - q = -8. What is the tens digit of (432/5 - q) + 18/30?
8
What is the units digit of ((-924)/(-110))/(2/10)?
2
Suppose -5*p + 14493 = -2*m, 3*p - 9362 = 2*m - 667. What is the hundreds digit of p?
8
Suppose -2*h - 5*x + 19 = 0, 0 = h - 2*h + 3*x - 7. Let f = h - 0. What is the units digit of (21/(-9))/(f/(-12))?
4
Suppose 2*n - 22 = 286. Let k = n - 57. What is the tens digit of k?
9
Suppose 2*d + 3*d = 2*s - 17, -4*d = -2*s + 16. Let q(i) = 7*i**2 - 14*i + 15. What is the hundreds digit of q(s)?
1
Let o = -32 + 169. Suppose 58*v - o = 57*v. What is the hundreds digit of v?
1
Let v be (159/5)/((-5)/(-25)). Let o = v - 85. What is the units digit of o?
4
Let d(c) = -121*c + 514. What is the hundreds digit of d(-35)?
7
Suppose 0 = -35*j - 48*j + 483392. What is the thousands digit of j?
5
Suppose -48 = 11*o - 9*o. What is the units digit of ((-918)/o)/((-12)/(-32))?
2
Suppose -12*l + 7215 = 3*l. What is the units digit of l?
1
Suppose 4*t - 8 + 4 = 0, 171 = 2*z + 5*t. Let m = 182 - z. Let b = m + -67. What is the units digit of b?
2
What is the hundreds digit of (-1)/11 + 28122/66?
4
Suppose 212 = -5*c + 2047. Let x = -192 + c. What is the tens digit of x?
7
Suppose -u + 2060 = 4*p, -31*u + 508 = p - 29*u. What is the units digit of p?
6
Let m = 309 + -37. What is the units digit of m?
2
Let r = 2350 + -1619. What is the tens digit of r?
3
Let l be ((2 - -2) + -4)/(-1). Suppose l = -4*o + 187 + 97. What is the tens digit of o?
7
Let y(s) = 33*s**2 - 5*s + 4. Let t = 5 - 3. Let v be y(t). Suppose 4*a = 5*j - 3*j + 146, -v = -3*a - 4*j. What is the units digit of a?
8
Let w(z) = -7*z + 4*z - 4*z. Let n(x) = -x + 2. Let m be n(7). What is the units digit of w(m)?
5
Let u be -2 - (2 + -18)/4. Suppose -4*b + u*m = -28, -m - 3*m - 16 = 0. Suppose b = 5*j - 4*j. What is the units digit of j?
5
Suppose -1 + 2 = v. What is the units digit of (v/(-3))/1*-3?
1
Let x = 1116 - 771. Let z = x - 178. What is the tens digit of z?
6
Let v be -1 - (-1 - (21 + -3)). Let g be 438/27 + (-4)/v. Suppose -c = c + 4*w - g, 0 = -w + 3. What is the units digit of c?
2
Suppose 55*m = 48*m + 12152. What is the units digit of m?
6
Suppose 4*s - 315 = 3*o - 1184, -1457 = -5*o - 2*s. What is the hundreds digit of o?
2
What is the tens digit of 1491 + 26 - -9*1?
2
Suppose 0 = -s - 0*s - 5*s. Suppose s = -g + 59 + 104. What is the tens digit of g?
6
Suppose 5*n = 33*n - 8680. What is the tens digit of n?
1
Let m(o) = 94*o**3 + 18*o**2 + 6*o - 7. What is the thousands digit of m(3)?
2
Let b(g) be the first derivative of 9*g**2/2 - 4*g - 13. What is the tens digit of b(9)?
7
Let o be 3 - 4 - -1*9. Let t be o/(0 - -2) - -4. Suppose 4*l + t = 0, -5*g + 0*l = -5*l - 155. What is the tens digit of g?
2
Let p = -16 + 153. What is the tens digit of p?
3
Suppose 8 = -6*d + 2*d. Let n = d + -30. Let s = n + 66. What is the tens digit of s?
3
Let p be ((-15)/1)/3 - 3. Let v = 8 + p. Suppose -123 = -v*w - 3*w. What is the units digit of w?
1
Suppose 2*k - 4*r = 80, -k + r = 5*r - 40. Let f = 61 - k. Suppose -207 + f = -6*t. What is the tens digit of t?
3
Let u = 2188 + -438. What is the units digit of u?
0
Let s(w) be the first derivative of 2*w**3/3 + 2*w**2 + 11*w + 5. 